32 divide 23787468?
True
Is 10 a factor of 57850020?
True
Is 312 a factor of 1372341639?
False
Is 311 a factor of 6036018?
False
Does 751 divide 25100544?
False
Is 1335001408 a multiple of 4?
True
Is 41 a factor of 1135147238?
True
Is 87 a factor of 31489886?
False
Does 155 divide 420687551?
False
Is 2249 a factor of 335525056?
False
Is 52723254 a multiple of 33?
False
Does 31 divide 15445967?
True
Is 28794273 a multiple of 1926?
False
Is 967702595 a multiple of 12?
False
Is 86744766 a multiple of 792?
False
Does 14 divide 1145660208?
True
Is 173 a factor of 257426495?
False
Is 80318550 a multiple of 390?
True
Is 1186 a factor of 339410678?
False
Does 752 divide 8008308?
False
Is 45230940 a multiple of 15?
True
Is 28 a factor of 733942177?
False
Is 517 a factor of 208891326?
False
Is 702 a factor of 4934358?
True
Is 222745964 a multiple of 760?
False
Is 1329 a factor of 778079509?
False
Does 5 divide 49341609?
False
Is 58648131 a multiple of 85?
False
Is 12876160 a multiple of 22?
True
Is 810011 a multiple of 13?
False
Does 517 divide 137643495?
True
Is 288 a factor of 446948554?
False
Is 12 a factor of 26183884?
False
Is 55624844 a multiple of 1067?
True
Is 104 a factor of 746649696?
True
Is 16 a factor of 153529167?
False
Is 1675590043 a multiple of 384?
False
Is 135898730 a multiple of 110?
True
Does 28 divide 1135801632?
True
Is 14 a factor of 621432672?
True
Is 2777 a factor of 383199244?
False
Is 2990231368 a multiple of 12?
False
Is 11595628 a multiple of 44?
True
Does 1045 divide 364102035?
True
Is 14 a factor of 55394220?
True
Is 85 a factor of 8160680?
True
Is 1101 a factor of 1246696864?
False
Does 1939 divide 83243067?
False
Does 75 divide 38381422?
False
Is 4760 a factor of 22191120?
True
Is 336031757 a multiple of 369?
False
Does 15 divide 575642449?
False
Is 647856011 a multiple of 341?
True
Does 197 divide 12441950?
False
Does 11 divide 829229464?
False
Is 38 a factor of 2470260435?
False
Is 3158 a factor of 197951641?
False
Does 952 divide 3140726064?
True
Is 27559952 a multiple of 3?
False
Is 1275810918 a multiple of 316?
False
Is 1474970 a multiple of 535?
False
Is 2495 a factor of 73266065?
False
Is 38039400 a multiple of 280?
True
Does 7 divide 186292364?
False
Does 973 divide 274245174?
False
Is 1796 a factor of 116023665?
False
Is 21 a factor of 2325537291?
True
Is 2211 a factor of 807294440?
False
Is 703301875 a multiple of 20?
False
Is 43146336 a multiple of 15?
False
Is 272785498 a multiple of 15?
False
Does 1545 divide 1527074711?
False
Is 1115 a factor of 69203590?
True
Is 6847202 a multiple of 64?
False
Is 2208665772 a multiple of 34?
True
Does 3 divide 1692615?
True
Is 1112 a factor of 644186038?
False
Does 25 divide 286460010?
False
Is 3792 a factor of 69974080?
False
Is 41328910 a multiple of 127?
False
Is 3282398 a multiple of 14?
True
Does 29 divide 566913605?
True
Is 1226 a factor of 3814599694?
True
Is 15 a factor of 36749294?
False
Does 227 divide 33678962?
False
Is 1533651039 a multiple of 10886?
False
Does 133 divide 410298217?
True
Does 24 divide 9163152?
True
Is 136 a factor of 1614875560?
True
Is 1469924 a multiple of 4?
True
Does 77 divide 2505601329?
True
Does 9 divide 58034111?
False
Is 317831728 a multiple of 668?
True
Does 38 divide 1184782876?
False
Is 92946208 a multiple of 544?
True
Is 11324 a factor of 5017426596?
True
Is 9425224 a multiple of 8?
True
Is 1216985065 a multiple of 9?
False
Does 18 divide 17986284?
True
Is 11037386 a multiple of 47?
True
Does 4074 divide 357200172?
True
Is 8 a factor of 270345872?
True
Is 58698701 a multiple of 404?
False
Is 76845028 a multiple of 26?
True
Is 377449810 a multiple of 94?
False
Is 8 a factor of 130211976?
True
Is 89 a factor of 147410255?
True
Does 102 divide 643036575?
False
Is 1973703825 a multiple of 75?
True
Is 4805000 a multiple of 200?
True
Is 123 a factor of 9636558?
True
Does 93 divide 2154804106?
False
Is 2268 a factor of 33905765?
False
Is 3034353221 a multiple of 4815?
False
Is 3393323255 a multiple of 49?
True
Is 231584353 a multiple of 77?
True
Does 56 divide 336367640?
True
Does 13 divide 2488676298?
False
Does 173 divide 6688888?
False
Does 8 divide 426097355?
False
Does 25 divide 157653175?
True
Is 57162546 a multiple of 9?
True
Is 281 a factor of 13572019?
True
Does 18 divide 204823782?
True
Is 15 a factor of 112673850?
True
Is 101 a factor of 66881291?
True
Does 21 divide 26936096?
False
Is 198 a factor of 561289295?
False
Is 32237885 a multiple of 73?
False
Is 864 a factor of 372023461?
False
Is 322027954 a multiple of 2052?
False
Is 358 a factor of 175803846?
False
Does 651 divide 387107385?
True
Does 1394 divide 7752034?
True
Is 982126686 a multiple of 238?
False
Is 9 a factor of 1978177120?
False
Is 104887136 a multiple of 32?
True
Does 139 divide 139012927?
True
Is 7404 a factor of 1175666352?
True
Is 3009945 a multiple of 15?
True
Is 3252855 a multiple of 5?
True
Is 851 a factor of 10117539?
True
Does 35 divide 966187600?
True
Is 355373215 a multiple of 265?
True
Is 332 a factor of 139090511?
False
Is 3259 a factor of 2844709402?
True
Is 8 a factor of 4317626?
False
Does 41 divide 29051677?
False
Is 6667581 a multiple of 128?
False
Is 4931178 a multiple of 342?
False
Is 494 a factor of 15710852?
False
Is 64 a factor of 14175593?
False
Is 11 a factor of 816084717?
False
Is 5 a factor of 22974650?
True
Does 99 divide 736579245?
False
Is 947 a factor of 4208871?
False
Is 2522748 even?
True
Is 23711520 a multiple of 352?
False
Is 1103490 a multiple of 27?
True
Does 756 divide 22606973?
False
Is 164 a factor of 79817324?
True
Is 1059218292 a multiple of 359?
False
Is 78 a factor of 55267290?
True
Is 147871416 a multiple of 196?
True
Does 12 divide 1305339636?
True
Is 445 a factor of 49167213?
False
Does 620 divide 264306290?
False
Does 169 divide 7130617?
True
Does 1386 divide 89219592?
True
Is 28796960 a multiple of 40?
True
Is 23018754 a multiple of 263?
False
Is 428403142 a multiple of 511?
False
Is 41 a factor of 21300935?
True
Is 13 a factor of 3725169857?
False
Is 1207 a factor of 28473733?
False
Is 292 a factor of 23375184?
True
Is 904628457 a multiple of 2774?
False
Is 6599 a factor of 1243093224?
True
Does 1039 divide 24102722?
True
Does 40 divide 239407315?
False
Is 9717463 a multiple of 54?
False
Is 139638198 a multiple of 62?
True
Does 92 divide 100715528?
True
Does 2934 divide 5970983400?
True
Is 3863 a factor of 384986580?
True
Does 216 divide 14338728?
True
Is 50805128 a multiple of 205?
False
Does 45 divide 763771050?
True
Is 3685 a factor of 256313860?
True
Is 49 a factor of 119773104?
False
Is 96 a factor of 1377820840?
False
Does 43 divide 53390383?
False
Does 18 divide 89514568?
False
Is 125 a factor of 95639432?
False
Is 263941912 a multiple of 1118?
True
Is 2395214 a multiple of 47?
True
Does 10 divide 36554270?
True
Does 15 divide 28654425?
True
Does 15 divide 1676385?
True
Does 2603 divide 34893215?
True
Is 4 a factor of 18341968?
True
Is 1837883138 a multiple of 533?
True
Is 551958961 a multiple of 4337?
False
Does 11 divide 638928494?
False
Does 18 divide 654480?
True
Does 18 divide 949914?
True
Does 9 divide 934689384?
True
Is 26301008 a multiple of 7?
False
Does 5257 divide 2490771857?
True
Is 3 a factor of 31852930?
False
Is 32646229 a multiple of 1727?
False
Does 17 divide 11301099?
False
Is 2249 a factor of 200169520?
False
Is 32 a factor of 4943296?
True
Does 320 divide 17701120?
True
Is 1206026675 a multiple of 20?
False
Does 808 divide 402043024?
True
Is 554461892 a multiple of 22?
False
Does 2602 divide 4537236825?
False
Does 104 divide 908313638?
False
Is 108 a factor of 180449601?
False
Is 109 a factor of 28127273?
False
Is 1980093696 a multiple of 768?
True
Is 5250668 a multiple of 92?
False
Does 1058 divide 1839907?
False
Is 3122 a factor of 3585645098?
True
Is 10 a factor of 1114441066?
False
Is 782535476 a multiple of 59?
False
Does 51 divide 65923855?
False
Does 24 divide 152469600?
True
Does 357 divide 51168760?
False
Is 160080221 a multiple of 1161?
False
Is 21779598 a multiple of 274?
False
Is 52 a factor of 168135349?
False
Is 5173 a factor of 2355385879?
True
Is 919143 a multiple of 159?
False
Is 196097004 a multiple of 1878?
True
Is 244 a factor of 7943176?
True
Does 97 divide 